rs of 1001.
7, 11, 13
List the prime factors of 30238.
2, 13, 1163
What are the prime factors of 64248?
2, 3, 2677
What are the prime factors of 36157?
11, 19, 173
What are the prime factors of 801?
3, 89
What are the prime factors of 52988?
2, 13, 1019
What are the prime factors of 144019?
59, 2441
List the prime factors of 37496.
2, 43, 109
What are the prime factors of 51231?
3, 17077
List the prime factors of 24174.
2, 3, 17, 79
List the prime factors of 61585.
5, 109, 113
What are the prime factors of 62620?
2, 5, 31, 101
List the prime factors of 2220.
2, 3, 5, 37
What are the prime factors of 1248?
2, 3, 13
What are the prime factors of 407?
11, 37
List the prime factors of 46091.
46091
List the prime factors of 4400.
2, 5, 11
What are the prime factors of 2588?
2, 647
List the prime factors of 43287.
3, 47, 307
What are the prime factors of 5312?
2, 83
List the prime factors of 911.
911
List the prime factors of 5692.
2, 1423
What are the prime factors of 2565?
3, 5, 19
List the prime factors of 124712.
2, 7, 17, 131
List the prime factors of 5315.
5, 1063
What are the prime factors of 161083?
13, 12391
What are the prime factors of 1628?
2, 11, 37
What are the prime factors of 4943?
4943
List the prime factors of 755.
5, 151
List the prime factors of 3685.
5, 11, 67
What are the prime factors of 23068?
2, 73, 79
What are the prime factors of 33658?
2, 16829
What are the prime factors of 1350?
2, 3, 5
What are the prime factors of 13417?
13417
List the prime factors of 17228.
2, 59, 73
What are the prime factors of 10665?
3, 5, 79
What are the prime factors of 253?
11, 23
List the prime factors of 6089.
6089
What are the prime factors of 625?
5
List the prime factors of 92.
2, 23
List the prime factors of 10579.
71, 149
List the prime factors of 97959.
3, 32653
List the prime factors of 37701.
3, 59, 71
List the prime factors of 7257.
3, 41, 59
What are the prime factors of 5928?
2, 3, 13, 19
List the prime factors of 3914.
2, 19, 103
What are the prime factors of 1249?
1249
List the prime factors of 10237.
29, 353
What are the prime factors of 56484?
2, 3, 523
List the prime factors of 14149.
14149
What are the prime factors of 5188?
2, 1297
List the prime factors of 2799.
3, 311
What are the prime factors of 3910?
2, 5, 17, 23
What are the prime factors of 145504?
2, 4547
What are the prime factors of 1523?
1523
What are the prime factors of 284?
2, 71
List the prime factors of 934.
2, 467
What are the prime factors of 3788?
2, 947
List the prime factors of 6033.
3, 2011
What are the prime factors of 15437?
43, 359
List the prime factors of 15922.
2, 19, 419
List the prime factors of 20391.
3, 7, 971
List the prime factors of 28603.
28603
List the prime factors of 879.
3, 293
List the prime factors of 62558.
2, 31, 1009
List the prime factors of 396.
2, 3, 11
List the prime factors of 207.
3, 23
What are the prime factors of 6342?
2, 3, 7, 151
What are the prime factors of 45575?
5, 1823
List the prime factors of 467.
467
List the prime factors of 2922.
2, 3, 487
What are the prime factors of 13741?
7, 13, 151
List the prime factors of 14.
2, 7
What are the prime factors of 1793?
11, 163
What are the prime factors of 53490?
2, 3, 5, 1783
What are the prime factors of 99119?
99119
List the prime factors of 21714.
2, 3, 7, 11, 47
List the prime factors of 10054.
2, 11, 457
List the prime factors of 229.
229
List the prime factors of 1932.
2, 3, 7, 23
List the prime factors of 76003.
76003
List the prime factors of 92.
2, 23
What are the prime factors of 1536?
2, 3
What are the prime factors of 669?
3, 223
List the prime factors of 60635.
5, 67, 181
List the prime factors of 1387.
19, 73
List the prime factors of 29128.
2, 11, 331
List the prime factors of 66790.
2, 5, 6679
What are the prime factors of 183?
3, 61
What are the prime factors of 10627?
10627
What are the prime factors of 1183?
7, 13
List the prime factors of 20182.
2, 10091
List the prime factors of 265.
5, 53
List the prime factors of 7603.
7603
What are the prime factors of 4584?
2, 3, 191
What are the prime factors of 12750?
2, 3, 5, 17
List the prime factors of 1637.
1637
What are the prime factors of 267?
3, 89
What are the prime factors of 69272?
2, 7, 1237
What are the prime factors of 14892?
2, 3, 17, 73
What are the prime factors of 106496?
2, 13
List the prime factors of 191.
191
List the prime factors of 73407.
3, 24469
List the prime factors of 16909.
37, 457
List the prime factors of 121757.
313, 389
List the prime factors of 229.
229
List the prime factors of 1121.
19, 59
What are the prime factors of 7885?
5, 19, 83
List the prime factors of 59295.
3, 5, 59, 67
What are the prime factors of 103602?
2, 3, 31, 557
What are the prime factors of 2038?
2, 1019
What are the prime factors of 24390?
2, 3, 5, 271
List the prime factors of 382.
2, 191
List the prime factors of 47225.
5, 1889
What are the prime factors of 9344?
2, 73
List the prime factors of 29845.
5, 47, 127
What are the prime factors of 3821?
3821
What are the prime factors of 2058?
2, 3, 7
List the prime factors of 2312.
2, 17
What are the prime factors of 64129?
13, 4933
What are the prime factors of 237?
3, 79
What are the prime factors of 8667?
3, 107
What are the prime factors of 27486?
2, 3, 509
List the prime factors of 632.
2, 79
List the prime factors of 471.
3, 157
List the prime factors of 45556.
2, 7, 1627
List the prime factors of 2270.
2, 5, 227
What are the prime factors of 11085?
3, 5, 739
List the prime factors of 1451.
1451
List the prime factors of 1163.
1163
What are the prime factors of 5634?
2, 3, 313
What are the prime factors of 25022?
2, 12511
What are the prime factors of 20924?
2, 5231
What are the prime factors of 921?
3, 307
What are the prime factors of 1153?
1153
List the prime factors of 13068.
2, 3, 11
What are the prime factors of 1370?
2, 5, 137
List the prime factors of 37101.
3, 83, 149
What are the prime factors of 9183?
3, 3061
What are the prime factors of 25326?
2, 3, 7, 67
What are the prime factors of 5676?
2, 3, 11, 43
List the prime factors of 17070.
2, 3, 5, 569
What are the prime factors of 669?
3, 223
What are the prime factors of 38608?
2, 19, 127
What are the prime factors of 4126?
2, 2063
What are the prime factors of 9459?
3, 1051
What are the prime factors of 306?
2, 3, 17
List the prime factors of 76780.
2, 5, 11, 349
What are the prime factors of 105512?
2, 11, 109
What are the prime factors of 1395?
3, 5, 31
List the prime factors of 60.
2, 3, 5
List the prime factors of 123.
3, 41
List the prime factors of 864.
2, 3
List the prime factors of 942.
2, 3, 157
List the prime factors of 1872.
2, 3, 13
List the prime factors of 3150.
2, 3, 5, 7
What are the prime factors of 434?
2, 7, 31
What are the prime factors of 213?
3, 71
What are the prime factors of 1958?
2, 11, 89
What are the prime factors of 346?
2, 173
List the prime factors of 18255.
3, 5, 1217
List the prime factors of 4449.
3, 1483
What are the prime factors of 978?
2, 3, 163
List the prime factors of 148778.
2, 7, 10627
What are the prime factors of 7598?
2, 29, 131
List the prime factors of 3283.
7, 67
List the prime factors of 1310.
2, 5, 131
What are the prime factors of 19221?
3, 43, 149
List the prime factors of 2170.
2, 5, 7, 31
What are the prime factors of 1086?
2, 3, 181
What are the prime factors of 8792?
2, 7, 157
List the prime factors of 43360.
2, 5, 271
List the prime factors of 73871.
7, 61, 173
List the prime factors of 4817.
4817
What are the prime factors of 14335?
5, 47, 61
List the prime factors of 1045.
5, 11, 19
What are the prime factors of 5375?
5, 43
List the prime factors of 24931.
107, 233
What are the prime factors of 14619?
3, 11, 443
What are the prime factors of 9727?
71, 137
What are the prime factors of 14708?
2, 3677
What are the prime factors of 1183?
7, 13
List the prime factors of 141898.
2, 70949
List the prime factors of 1122.
2, 3, 11, 17
What are the prime factors of 30642?
2, 3, 5107
What are the prime factors of 36876?
2, 3, 7, 439
What are the prime factors of 1935?
3, 5, 43
What are the prime factors of 29889?
3, 41
What are the prime factors of 10611?
3, 131
What are the prime factors of 3934?
2, 7, 281
List the prime factors of 384